= -3*x - 4. Suppose -3*f = -3*v + 3, f - 1 = -2*v - 2. Suppose -7*q - 133 = -v*q. What is the units digit of h(q)?
3
Suppose 1039*f - 513*f - 285934 = 504*f. What is the thousands digit of f?
2
Suppose -3*d + 2*n = -214, -88 = d - 2*d + 4*n. Suppose -5*r = -p - 0*p + 14, -p - 3*r = -14. What is the units digit of (1/((-7)/d))/((-4)/p)?
4
Let u(k) = 804*k - 97. What is the hundreds digit of u(18)?
3
Suppose -459*o - 41474 = -5*z - 458*o, 2*z - o - 16592 = 0. What is the hundreds digit of z?
2
Let i(r) = 3*r**3 - 6*r**2 + 2*r + 2. Let t be i(3). Let m = t - 16. Suppose m*j = 16*j + 141. What is the units digit of j?
7
Let z be (-28719)/(-18) + (-1)/2. What is the tens digit of (6 + (-51)/6)*-2 + z?
0
Let z(d) = 23*d - 69. Let o(a) = 23*a - 70. Let r(j) = 3*o(j) - 4*z(j). What is the hundreds digit of r(-18)?
4
Let i(h) = h - 2. Let d be i(-3). Let l be 1594/(-12) + d/30. Let n = 217 + l. What is the units digit of n?
4
Let v be 9/(486/(-45))*(8 + -2). Let r(s) = 36*s**2 - 19*s + 21. What is the thousands digit of r(v)?
1
Suppose h - 3*p = 4*h + 273, 5*h + 470 = -2*p. Suppose -59 = -4*u - 647. Let t = h - u. What is the tens digit of t?
5
Suppose -5*s + 424 = -1301. Suppose -d + s = 145. What is the units digit of d?
0
Let f = -411 + 266. Let z = 139 + f. What is the hundreds digit of 3154/18 - 2 - z/(-27)?
1
Let c(o) = o**2 - 6*o + 4. Let s be c(0). Let g be (6/s)/((-2)/4). What is the tens digit of (-5)/(20/(-504)) - (-5 - g)?
2
Let v(z) = -z**2 - 14*z. Let t be (3/(-4) - 0)*(-72)/9. Let f be v(t). Let d = f + 203. What is the units digit of d?
3
Let l = -36655 + 53033. What is the hundreds digit of l?
3
What is the tens digit of (6863/(-4))/(5/(-20))?
6
Suppose -9*z + 2*t = -218367, -4*z + 74*t + 97052 = 75*t. What is the units digit of z?
3
Let d(n) = -671*n**2 + 5*n + 10. Let h(w) = -670*w**2 + 4*w + 10. Let q(f) = -5*d(f) + 4*h(f). What is the tens digit of q(-1)?
7
Suppose 3*s = -4*y - 10, 2*s - y - 7 = 1. Let i(q) = -q**3 + 4*q**2 + q - 7 - 3*q**s - 6*q**2. What is the tens digit of i(-6)?
2
Let a be 3 + 4/(-1) - (-2 + -57). Suppose -5*q + 3*x - 280 = -x, 2*q = 3*x - 112. Let m = q + a. What is the units digit of m?
2
What is the tens digit of -2 + (3478 - -1) - (-12 - -20)?
6
Suppose -2*q - 5*c = -22876, -4*q + 37647 = c - 8087. What is the thousands digit of q?
1
Let b = 20 + -16. Let o be 1*24*(32/(-12))/b. What is the tens digit of (o/(-48) + (0 - 0))*141?
4
What is the thousands digit of (-6500)/(((-42)/105)/((-6)/(-15)))?
6
Suppose -5*w + 11 = -0*p + 3*p, 0 = 2*p - 3*w - 1. Suppose p*d - 4*x = 8, -d + 4*d - 2*x = 0. What is the units digit of d + (-1)/((-3)/(474 + -3))?
5
Let t = -395 + 252. Let w = t + -83. What is the tens digit of 10/15 - w/3?
7
Suppose -4*j - 8*i + 12*i = -137560, 2*i = -j + 34369. What is the ten thousands digit of j?
3
What is the thousands digit of 1064168/35 + (-15)/(-75)?
0
Suppose -7*l + 820 + 90 = 0. Suppose 0 = -5*y - l + 7810. What is the thousands digit of y?
1
Let u(t) = 3*t + 15. Let g be u(-8). Suppose 18*k - 12*k = 60. Let n = k - g. What is the tens digit of n?
1
Let h = -181 - -180. What is the hundreds digit of -200 - -1330 - h/(1/5)?
1
Let f be -6 - 26/4*-2. Let c(y) = 71*y + 10. What is the units digit of c(f)?
7
Suppose -4*a + 5440 = 2*s, -5*s + 0*a = -2*a - 13624. Suppose 9*c - 9915 = -s. What is the units digit of c?
9
Suppose 4*m - 249 = -5*p + 405, 2*m + 518 = 4*p. Let z = -449 + 1017. Suppose p = -6*c + z. What is the tens digit of c?
7
Let j be (9 - 10)*2 - 184. Let g = j + 802. What is the hundreds digit of g?
6
Let k = 311 - 311. Suppose 4*z + k*z - 5*r - 3465 = 0, -5*z = 4*r - 4280. What is the hundreds digit of z?
8
Let p(r) = 125*r**3 + 4*r**2 + r - 9. Let o be p(3). Suppose -142*v + o = -137*v. What is the units digit of v?
1
Let z = -134 + 56. Let d = z - -82. Suppose -3*o - s = -376, 0*o + 2*o + d*s - 234 = 0. What is the hundreds digit of o?
1
Suppose 16 = -11*d + 9*d. Let k = 13 + d. Suppose 0 = k*o - 645 + 180. What is the units digit of o?
3
Suppose 108 = -2*g + 40. Let f = 146 + -244. Let j = g - f. What is the tens digit of j?
6
Let b = 133580 + -88836. What is the thousands digit of b?
4
Let j be (12/36)/((-1)/(-6)). Suppose -2*k = -j*q + 243 + 15, -q - 4*k + 144 = 0. What is the units digit of q?
2
Let y(r) be the first derivative of 22*r**2 + 51*r + 75. What is the tens digit of y(10)?
9
Let f(j) = 4*j - 26. Let v be f(6). Let m(b) = 100*b**2 + 1. Let z be m(v). What is the units digit of z/5 + (-3)/15?
0
Let s(l) = l**2 - l + 3. Let b be s(-3). Suppose 0 = 2*g, -3*w - g + 3 = -b. What is the units digit of (w/(-4))/((-9)/168)?
8
What is the tens digit of 6319/((-16)/(-36) + (116/(-18) - -7))?
1
Let v(m) = 26*m**2 - 54*m + 685. What is the tens digit of v(31)?
9
Let g = -74 + 78. Suppose -b + g*m - 3 + 40 = 0, -2*b - 3*m = -96. Let r = b + -30. What is the tens digit of r?
1
Suppose -5*b = -2*q + 73, -139 = -5*q - b + 3. Suppose -q = 35*y - 36*y. What is the tens digit of y?
2
What is the tens digit of ((-405080)/(-48) - 10) + (-6)/36?
2
Let m(y) = -111*y + 131. Let c be m(7). Let f = -340 - c. What is the tens digit of f?
0
Let o be (-11)/(-4) - (36/(-16) + 3). Suppose -z - 4*t + 1280 = 3*z, -o*t - 1579 = -5*z. Suppose -7*c = -z + 121. What is the tens digit of c?
2
Let j(p) = -2*p**2 + 10*p + 8. Let g be j(5). Let n(y) = -y**3 + 13*y**2 - 11*y - 3. Let k be n(g). Let v = k - 53. What is the hundreds digit of v?
1
What is the hundreds digit of 24/(-24) - (-8 - 10638)?
6
Let c be 6/(-2)*(5 - 60/9). Suppose -1707 = -c*i - 3*h, 3*h + 2 = h. What is the tens digit of i?
4
Suppose -y + 1 = -0. Suppose -5*o - 5*c = 26 - 11, -5*o + 2*c - y = 0. What is the units digit of (-37)/o + -2 + 6?
1
Let a(v) = -v**3 - 2*v**2 + 5*v + 2. Let c be a(-4). Let y(i) = 26*i + 105. What is the tens digit of y(c)?
6
Let y(s) be the second derivative of 0 + 1/6*s**3 - 9*s + 25*s**2. What is the units digit of y(-5)?
5
Let r(k) = -61*k - 389. Let x be r(-8). Suppose -4*d + 115 = h - 2*d, 225 = 2*h + 3*d. Suppose x + h = 4*t. What is the units digit of t?
1
Let v(q) = -11*q - 9 + 13 + 12 + 12. Let p be v(12). What is the hundreds digit of (-1 - p)/(3 + 2 + -4)?
1
Let y = 54739 - -15262. What is the ten thousands digit of y?
7
Suppose -j - 3*z + 2463 + 1393 = 0, z - 3862 = -j. What is the hundreds digit of j?
8
What is the hundreds digit of (-1)/(22 + -41)*617443?
4
Let t = -58 + 73. Let x = 452 - t. What is the tens digit of x?
3
Let t be (-17937)/(-36) - 6/(-8). Suppose h - d + 2*d = t, -4*h - d = -1984. What is the tens digit of h?
9
Let z = -28451 + 44780. What is the units digit of z?
9
What is the hundreds digit of (4/(-10))/(97/(-1193585))?
9
Let k(r) = 4*r**2 - 8*r + 513. Let l be k(0). Let b = 8 - 4. Suppose -b*q + l = 149. What is the tens digit of q?
9
Suppose -5*z - 4*p = -11325, p - 4530 = -7*z + 5*z. What is the hundreds digit of z?
2
Suppose -7*f = -9 + 2. Suppose 3*a - 2*i = -3, i - f = -4. What is the tens digit of (2/a)/((-1)/15)?
1
Let q(b) = -b - 1. Let h(f) = -15*f - 13. Let s(o) = -h(o) - 4*q(o). Let l(c) = 2*c**3 + 4*c**2 - 4*c + 2. Let i be l(1). What is the units digit of s(i)?
3
Let v = 2249 - -4378. What is the thousands digit of v?
6
Suppose -9*p = 24 + 3. Let q(c) = 51*c + 1. Let i be q(p). Let k = -21 - i. What is the hundreds digit of k?
1
Suppose 2*k - 4 = -2*w - 0*k, 0 = -3*k - 3. Suppose 3*a + z + 21 = 0, -8*a - 35 = -3*a + 2*z. What is the tens digit of (7/w)/(a - 1918/(-273))?
9
Suppose 30 = 3*h - 5*n, 2*n + 16 = 2*h - 0*n. Let o(b) = b - 1. Let y be o(h). Suppose -16 + 1 = 5*w, -y*f = 4*w - 344. What is the tens digit of f?
8
Let o(u) = 24*u + 34. Suppose 0 = 2*k + 35 - 3. Let z(g) = 8*g + 11. Let r(j) = k*z(j) + 5*o(j). What is the tens digit of r(-4)?
2
Suppose -152999 - 197812 = -81*q. What is the tens digit of q?
3
Suppose -2*l + u = 34, 2*u - 10 - 10 = l. Let g = 2223 - 2199. Let w = g + l. What is the units digit of w?
8
Suppose -8*z + 19*z - 302727 = -8*z. What is the hundreds digit of z?
9
Let o be -4*7/(-140)*-5. What is the hundreds digit of (-1)/((-5)/1605) + o?
3
Suppose -28*c = -31676 + 11880. What is the tens digit of c?
0
Suppose 4*h + 12*h - 912 = 0. Let c = 382 + h. What is the tens digit of c?
3
Suppose 0 = 2*x - r - 84, -r = -2*r - 4. Le